 1/6*s**3 + 0 + 0*s + 2*s**2 - 1/12*s**y. Calculate h(4).
-7
Let r(a) = a + 8. Suppose 11*y - 48 = 3*y. Determine r(y).
14
Let c(s) = -10*s - 2. Let q(o) = -o. Let z(w) = -c(w) + 5*q(w). Give z(-2).
-8
Let y(q) = -5*q**3 - 8*q**2 + 8*q + 1. Let p(d) = d**3 + d**2 + 1. Let f(j) = -4*p(j) - y(j). Give f(-5).
10
Let b(c) = -4*c**2 - 2*c + 1. Suppose 10*s = 15*s + 10. Calculate b(s).
-11
Let k be 6/(-15)*(2 + 3). Let v = 2 - k. Let g(i) = -2*i + 8*i - 1 - 25*i**3 + 24*i**3 + 3*i**2. Determine g(v).
7
Suppose 3*k = 4*k - 2. Let c(m) = -22*m + 6 - 20*m + 41*m + m**k. Suppose -2*j - r + 5 = 0, 3*j + r = 3*r - 10. Determine c(j).
6
Suppose 10 = -6*u + 4. Let q(n) = n**3 - n**2 - 2*n - 1. What is q(u)?
-1
Let h(t) be the second derivative of t**7/840 + t**6/360 - t**5/120 + t**4/12 + t**3/3 - t. Let w(p) be the second derivative of h(p). Give w(0).
2
Let t = 77 + -55. Suppose 3 = -3*k, 5*g + 6*k = 4*k - t. Let z(b) = -5*b - 2. What is z(g)?
18
Let p(h) = h. Let x be p(-2). Let o(c) = 4*c**2 + c - 1. What is o(x)?
13
Let d(b) = -1. Let t(f) = -6*f - 6. Suppose -4*m - 15 = -m. Let o(u) = m*d(u) + t(u). Determine o(1).
-7
Suppose -w + 2*w = 3*f + 10, -2*f = -3*w + 16. Let y(m) be the third derivative of -m**6/120 + m**5/30 + 7*m**4/24 - m**3 - 77*m**2. Give y(w).
-10
Let i(k) = -10*k. Let r be (-1)/(-1) + -5 + 10. Let j(v) = v**3 - 8*v**2 + 12*v - 1. Let b be j(r). Calculate i(b).
10
Let w(y) = 5*y - 4 - 4*y - 3 + 6. Determine w(-4).
-5
Let g(s) = -s + 1. Let w = -1 - -4. Suppose 0 = -k + w*k + 4. What is g(k)?
3
Suppose -w - 1 + 3 = 0. Let j(k) = k - 8. Let f(t) = 2 - 7 - 7 + t + 4. Let s(y) = w*f(y) - 3*j(y). Determine s(0).
8
Let y(d) be the third derivative of 0 - d**2 - 7/24*d**4 + 1/120*d**6 - 5/6*d**3 + 0*d + 1/30*d**5. Suppose -4*r - r = 20. What is y(r)?
-9
Let p(r) be the first derivative of r**6/360 + r**5/40 - r**4/6 - r**3/3 - 2. Let i(l) be the third derivative of p(l). What is i(-5)?
6
Suppose 2*k - 2*g - g - 17 = 0, 3*g = -4*k + 7. Suppose -5*v = -k*b + 16, 5*b + 0*b - 3 = 2*v. Let i(p) = p + 7. What is i(v)?
3
Let j(u) be the third derivative of u**6/60 + u**5/60 - u**3/3 + 37*u**2. Give j(-2).
-14
Let h(m) = -2*m**2 + 14*m + 25. Let c(a) = a**2 - 8*a - 13. Let k(s) = 5*c(s) + 2*h(s). Calculate k(13).
-2
Let m(z) = -5*z**3 + 17*z**2 + 11*z + 11. Let k(j) = -6*j**3 + 18*j**2 + 11*j + 11. Let p(i) = 6*k(i) - 7*m(i). What is p(-10)?
-1
Let v(t) be the first derivative of -4*t**2 + t + 2. Let w(z) = 17*z - 2. Let y(c) = -13*v(c) - 6*w(c). Suppose -3*r = 3 - 0. What is y(r)?
-3
Let p(k) be the second derivative of k**4/12 - 5*k**3/3 + 6*k**2 + 43*k. Give p(9).
3
Let l(t) = -3*t**2 - t - 7. Let w(o) = -5*o**2 - o - 14. Let x(b) = -7*l(b) + 4*w(b). Determine x(-6).
11
Let a(l) = -3*l**2 - 5. Let q(p) = 1. Suppose 5 = -o + 12. Let r = o + -3. Let c(g) = r*q(g) + a(g). Determine c(1).
-4
Let h(y) be the second derivative of -y**5/20 - y**4/2 - 2*y**3/3 + 2*y**2 + y. Let j = -5 - -8. Let g = j - 8. Determine h(g).
-1
Let j(d) = -d**3 + 2*d**2 + 5*d - 4. Let u be j(3). Let s(t) = -t + 3. Calculate s(u).
1
Let r = -12 - -8. Let c(u) = u - 2. What is c(r)?
-6
Let s(u) be the first derivative of u**4/24 - u**3/2 + 3*u**2 + 2. Let c(w) be the second derivative of s(w). Determine c(2).
-1
Let d(x) be the third derivative of 0 - 1/24*x**4 - 5/6*x**3 + 0*x - 1/120*x**6 - 7*x**2 - 1/15*x**5. What is d(-4)?
-1
Let v(y) = -2 - 6*y**2 + 7*y**2 + 3*y + 2. Suppose -2*m - 3*m = -15. Suppose a - 14 = m*o, -2*a + 4 + 0 = 0. Calculate v(o).
4
Suppose -9 = 4*l - 5. Let y(k) = 5*k**3 - 2*k**2 + 1. What is y(l)?
-6
Let x(d) = -d**2 - 13*d - 12. Let s be x(-12). Let w(n) be the third derivative of n**6/120 - n**4/24 + n**3/6 - 2*n**2. What is w(s)?
1
Let b(x) = x**2 + x - 11. Let g(s) = s**2 - 1. Let f(y) = b(y) - 5*g(y). Let c be 100/10*2/4. Let v(t) = -4*t**2 + t - 5. Let l(u) = c*f(u) - 6*v(u). Give l(1).
3
Let r(h) = -5*h**2 + 9*h + 31. Let d(q) = -q**2 + 2*q + 6. Let z(j) = 11*d(j) - 2*r(j). Calculate z(5).
-1
Suppose 4*z = 11 + 1. Suppose -4*d + 28 = -5*x, 0 = 5*d - 2*x + z*x - 6. Let c(m) = -m**3 - m + 0*m**3 + 0*m**3 + 3*m**2. Determine c(d).
2
Let t(v) = 3*v + 4. Let o(c) = -7*c - 8. Let z(m) = 6*o(m) + 13*t(m). Let x = -128 + 131. Determine z(x).
-5
Let f be 6/15 - (-54)/(-10). Let q(l) = 0*l + 6 + l + 2*l. Give q(f).
-9
Let g(y) = -3*y - 5. Let s(m) = -m**3 - 5*m**2 + m + 6. Let z be s(-5). Let k = 8 + -12. Let w = k - z. Determine g(w).
10
Let a(r) = 2*r. Let b = -116 + 120. Calculate a(b).
8
Let b(o) = -o**3 - 4*o**2 - 3*o - 6. Let g(r) = 2*r - 4. Let v be g(0). Determine b(v).
6
Let g be 4/(-4 - 4) + 2/2. Let c(m) be the first derivative of -1/4*m**4 + m - 1 + 4/3*m**3 - g*m**2. What is c(3)?
7
Let n(m) = m**3 - 3*m**2 + 5*m. Let c(p) = -p**3 - p**2 + p + 1. Let r(a) = 2*c(a) - n(a). Calculate r(2).
-24
Let j(n) = 4 + 3 - 2*n**2 + n**2 - 6. Suppose 0*l - l = 0. Calculate j(l).
1
Let o(r) be the second derivative of r**3/2 + 2*r**2 - r. Suppose 0 = 4*k - 4, 0 = -5*m + 5*k - k - 39. Let p = 3 + m. Calculate o(p).
-8
Let v(l) be the third derivative of 0 + 1/120*l**6 - 1/4*l**4 + 0*l**3 + 2*l**2 + 0*l - 1/15*l**5. Determine v(5).
-5
Let o(i) = i - 4. Let b(y) = 2*y - 7. Let m(k) = 4*b(k) - 7*o(k). Let n(u) = -12*u - 1. Let c(j) = -6*m(j) - n(j). Suppose -2*q + 1 = -3*q. What is c(q)?
-5
Let q = -5 - -1. Let h(v) = -5*v**2 + 5*v - 1. Let z(s) = 4*s**2 - 5*s + 1. Let g(m) = -5*h(m) - 6*z(m). What is g(q)?
-5
Let c(w) = 4*w**2 + 1 + 4*w**3 - 3*w**3 - 5*w + 4. Let q be c(-5). Let l(i) = -2*i - 2 - q + 1 + 1. Determine l(-4).
3
Let n(d) be the first derivative of -d**4/4 - 5*d**3/3 - d**2/2 + 4*d - 3. Calculate n(-4).
-8
Let s(v) = v**3 + 6*v**2 + 3*v - 2. Let r(j) = j**2 + j. Let x(l) = -l**2 - 4*l + 7. Let o be x(-5). Let h be r(o). Suppose -4*z = h + 14. Determine s(z).
8
Let q(v) be the first derivative of v**3/3 + 3*v**2/2 - v + 18. Let f(i) = -i**2 - 5*i - 3. Let r be f(-5). Give q(r).
-1
Let j(a) = a - 14. Let u be 4/(-6)*81/(-9). What is j(u)?
-8
Suppose x - 2*u - 33 = -7*u, -3*u - 17 = -4*x. Let k(n) = n**2 - 7*n - 6. Determine k(x).
2
Let a(b) = 7 - b**2 - 6*b + b - 9. Calculate a(-3).
4
Let a(g) be the first derivative of g**4/4 - 2*g**3 + 3*g**2 - 4*g - 2. Suppose h - 2 = -14. Let i be 4/h + 32/6. Calculate a(i).
1
Let w(a) = -7*a**3 + 5*a**2 - 3*a. Let p(r) = -r**3 - r**2 + r. Let n(t) = -4*p(t) - w(t). Suppose -x + 1 = 2*v, x + 0*v = 5*v - 6. Give n(x).
-11
Suppose v + 9 = 4*v. Let x(j) = -7*j**2 + j + j**2 + 5*j**2 + 4. What is x(v)?
-2
Let c(g) = -5*g - 13. Let t(v) = -2*v - 6. Let y(m) = -4*c(m) + 9*t(m). Let l be 12/10*5/2. What is y(l)?
4
Let w(p) = p**3 - 2*p**2 + 3*p - 1. Let l be w(2). Let j = 7 - l. Let t(b) = -j + 6 + b + 0. Determine t(-2).
2
Suppose 5*u - 70 = 5*i, 3*i - 4*u = 6*i + 21. Let z(p) = p + 7. Determine z(i).
-4
Let q(d) be the first derivative of -d**2/2 + d - 12. Let t(y) = y - 3. Let r be t(5). What is q(r)?
-1
Let f(y) = -y**2 + 3*y - 4. Suppose 3*l - 5*c - 19 = 0, 8*l - 2*c - 19 = 3*l. What is f(l)?
-4
Let r(i) be the first derivative of 6*i + i**4 - 6 + 0 - 5*i + 4. What is r(-1)?
-3
Let n(h) = -h**2 + 7*h. Let g be -1*(-8)/(-2)*-1. Let k be (0 + 2)/(g/14). Let w be n(k). Let d(y) = -y**2 + 11. What is d(w)?
11
Let s(k) = k**2 - 17*k + 17. Let l be s(16). Let m(t) = -7*t. Determine m(l).
-7
Let j(u) be the first derivative of -u**6/120 - u**5/30 + u**4/24 + u**3/3 + u**2/2 - 2. Let s(t) be the second derivative of j(t). Determine s(-2).
0
Let d = 4 + -2. Suppose d = -x - x. Let c = x + 1. Let w(a) = a**3 - a**2 - 2. Determine w(c).
-2
Let v(i) = 10*i**3 - 2*i**2 - 10*i + 6. Let m(n) = -7*n**3 + n**2 + 7*n - 4. Let g(q) = -7*m(q) - 5*v(q). Give g(4).
-14
Let z be 1 + (-2 + -5 - 0). Let n(m) = 5*m**2 - 2*m**3 - 4*m + 7 - 2*m + 3*m**3 + 2*m. Determine n(z).
-5
Let f(u) = u**2 + 1. Let m(k) = -3*k**2 - 3*k - 4. Let y = -5 + 3. Let d(r) = y*f(r) - m(r). Suppose 4*g - 4*b + 0 = -28, 3*g = 4*b - 25. What is d(g)?
2
Let c(a) be the third derivative of -a**5/60 - 7*a**4/24 - 11*a**3/6 - 4*a**2. Determine c(-9).
-29
Suppose 3*z = 2*q - 6*q + 6, 3*z - 3*q = 6. Suppose -5*o - 3 = -z*o. Let r(h) = -8*h**2 + 2*h + 1. Give r(o).
-9
Let p(l) be the second derivative of -l**3/3 - 4*l**2 + 17*l. Calculate p(-7).
6
Let l(g) be the firs